eatest common factor of 614 and 1?
1
What is the highest common divisor of 20711 and 149?
149
What is the greatest common divisor of 629 and 37?
37
Calculate the highest common divisor of 65 and 6513.
13
Calculate the greatest common divisor of 68 and 646.
34
What is the highest common divisor of 3 and 87?
3
Calculate the greatest common factor of 25 and 635.
5
What is the greatest common divisor of 1104 and 69?
69
Calculate the greatest common divisor of 12162 and 6.
6
What is the highest common factor of 470 and 94?
94
What is the highest common factor of 783 and 81?
27
Calculate the greatest common divisor of 14 and 1470.
14
What is the greatest common factor of 112 and 15232?
112
Calculate the greatest common divisor of 10 and 103.
1
What is the greatest common divisor of 341 and 22?
11
What is the highest common divisor of 126 and 4347?
63
What is the highest common divisor of 416 and 637?
13
Calculate the highest common factor of 34 and 374.
34
What is the highest common factor of 1210 and 11132?
242
Calculate the highest common divisor of 483 and 69.
69
Calculate the highest common divisor of 81 and 99.
9
What is the greatest common factor of 332 and 32?
4
Calculate the greatest common divisor of 84 and 18.
6
Calculate the greatest common divisor of 13317 and 965.
193
What is the greatest common factor of 104 and 79768?
104
What is the greatest common factor of 3933 and 207?
207
Calculate the highest common divisor of 30 and 105.
15
Calculate the highest common divisor of 86 and 4558.
86
Calculate the greatest common factor of 61 and 57279.
61
What is the greatest common factor of 208 and 923?
13
What is the highest common divisor of 162 and 10935?
81
Calculate the highest common divisor of 2755 and 285.
95
What is the greatest common divisor of 24 and 408?
24
Calculate the greatest common factor of 903 and 21.
21
What is the highest common factor of 316 and 28?
4
What is the highest common factor of 96 and 80?
16
What is the greatest common factor of 5 and 3645?
5
What is the greatest common divisor of 336 and 1288?
56
Calculate the highest common factor of 34904 and 16.
8
What is the greatest common factor of 168 and 987?
21
Calculate the highest common divisor of 3009 and 295.
59
Calculate the highest common divisor of 8 and 164.
4
What is the greatest common divisor of 187 and 121?
11
What is the greatest common factor of 10 and 45?
5
What is the greatest common factor of 2124 and 6195?
177
Calculate the greatest common divisor of 36 and 423.
9
What is the greatest common factor of 384 and 240?
48
Calculate the highest common divisor of 19 and 589.
19
What is the greatest common divisor of 22 and 9?
1
Calculate the highest common factor of 69 and 1219.
23
Calculate the highest common divisor of 40 and 500.
20
Calculate the greatest common factor of 276 and 444.
12
What is the highest common factor of 45 and 297?
9
What is the greatest common divisor of 280 and 770?
70
What is the highest common divisor of 162 and 36?
18
What is the greatest common divisor of 24 and 180?
12
What is the greatest common factor of 1406 and 38?
38
What is the greatest common factor of 1284 and 492?
12
Calculate the highest common divisor of 51 and 3.
3
Calculate the highest common divisor of 18 and 318.
6
What is the greatest common factor of 68 and 527?
17
What is the greatest common factor of 16 and 92?
4
What is the highest common divisor of 71 and 284?
71
What is the greatest common factor of 189 and 504?
63
What is the greatest common divisor of 26 and 2197?
13
Calculate the highest common factor of 280 and 175.
35
Calculate the highest common divisor of 360 and 2844.
36
What is the greatest common factor of 16 and 4304?
16
What is the highest common factor of 20711 and 149?
149
What is the greatest common divisor of 832 and 1600?
64
What is the highest common factor of 403 and 65?
13
What is the greatest common factor of 520 and 234?
26
Calculate the highest common factor of 366 and 15982.
122
What is the greatest common divisor of 2139 and 138?
69
Calculate the greatest common divisor of 44 and 3047.
11
Calculate the greatest common factor of 2348 and 12.
4
What is the highest common divisor of 1386 and 56?
14
What is the highest common divisor of 37 and 14023?
37
What is the greatest common divisor of 14043 and 372?
93
What is the greatest common factor of 21913 and 17?
17
Calculate the highest common factor of 84 and 1116.
12
Calculate the greatest common divisor of 11254 and 102.
34
What is the greatest common factor of 3173 and 835?
167
Calculate the highest common factor of 100 and 4700.
100
Calculate the highest common factor of 65 and 109720.
65
Calculate the highest common factor of 302 and 9362.
302
What is the greatest common factor of 559 and 13?
13
Calculate the greatest common factor of 96 and 552.
24
What is the highest common divisor of 135 and 2565?
135
Calculate the greatest common divisor of 16 and 976.
16
Calculate the greatest common factor of 1500 and 60.
60
Calculate the greatest common factor of 517 and 22.
11
What is the highest common factor of 53823 and 231?
231
What is the highest common factor of 42 and 1302?
42
Calculate the highest common divisor of 10 and 4615.
5
Calculate the highest common divisor of 308 and 2618.
154
What is the greatest common factor of 42 and 3738?
42
Calculate the greatest common factor of 632 and 8.
8
What is the highest common factor of 22 and 946?
22
Calculate the highest common divisor of 74 and 22.
2
What is the highest common factor of 44 and 40?
4
What is the highest common divisor of 236 and 12803?
59
What is the greatest common factor of 880 and 1210?
110
What is the highest common factor of 374 and 2442?
22
What is the highest common factor of 21 and 87?
3
Calculate the highest common divisor of 6 and 768.
6
What is the greatest common divisor of 392 and 8?
8
Calculate the greatest common divisor of 185 and 259.
37
Calculate the highest common divisor of 53 and 424.
53
Calculate the highest common factor of 64 and 24320.
64
What is the highest common divisor of 16 and 4?
4
What is the highest common divisor of 928 and 145?
29
Calculate the greatest common factor of 182 and 19838.
182
What is the highest common factor of 1 and 1103?
1
What is the greatest common factor of 416 and 544?
32
Calculate the highest common factor of 66 and 18777.
33
What is the greatest common factor of 552 and 1725?
69
What is the highest common divisor of 27 and 27?
27
Calculate the greatest common divisor of 899 and 319.
29
What is the highest common divisor of 12 and 160?
4
What is the greatest common factor of 9 and 51?
3
What is the highest common factor of 1102 and 522?
58
Calculate the highest common divisor of 490 and 140.
70
What is the greatest common divisor of 225 and 24?
3
Calculate the greatest common divisor of 3995 and 3760.
235
Calculate the highest common factor of 69 and 2829.
69
Calculate the highest common factor of 21 and 2835.
21
What is the highest common divisor of 165 and 5379?
33
Calculate the highest common divisor of 24 and 424.
8
What is the highest common divisor of 23 and 5014?
23
Calculate the greatest common factor of 340 and 40.
20
What is the highest common divisor of 144 and 126?
18
What is the highest common factor of 137 and 36853?
137
What is the greatest common divisor of 34 and 1088?
34
Calculate the highest common divisor of 60 and 225.
15
What is the highest common divisor of 1308 and 10?
2
What is the greatest common factor of 3112 and 12?
4
Calculate the highest common divisor of 1588 and 36.
4
Calculate the highest common divisor of 16170 and 42.
42
Calculate the greatest common divisor of 129 and 3.
3
What is the greatest common divisor of 592 and 32?
16
What is the greatest common factor of 15 and 165?
15
Calculate the greatest common factor of 110 and 90.
10
What is the greatest common factor of 30 and 15?
15
What is the highest common factor of 60 and 900?
60
Calculate the greatest common factor of 207 and 46.
23
Calculate the highest common factor of 24 and 64.
8
What is the highest common factor of 132 and 33?
33
What is the greatest common divisor of 117 and 273?
39
Calculate the highest common divisor of 41 and 2173.
41
Calculate the highest common 